w. Is (5/15)/(3/l) a prime number?
False
Suppose 0 = -25*w + 4*w + 735. Suppose 141498 = -17*a + w*a. Is a a composite number?
True
Let n(f) = -3*f**2 + 18*f + 14. Let k be n(18). Let p = -381 - k. Is p prime?
False
Is (-2 + 2896/(-20))*(-538)/(-8)*-10 a prime number?
False
Suppose -5*v = 5*q - 25, -5*q + 2*q + 15 = -3*v. Suppose 4659 = -4*o + q*o + f, -o = -4*f - 4679. Is o a prime number?
True
Let x be (69/(-46))/((-3)/12104). Let i = x - 1217. Is i a composite number?
True
Let k = -10738 + -8871. Is -1*(0 - -7)*k prime?
False
Let k = -43 - -14. Let y = k + 34. Suppose -y*p - 3*s = -74, 3*s = s + 6. Is p prime?
True
Suppose 147*w = 5*p + 151*w - 525017, -p + 105001 = 2*w. Is p composite?
True
Suppose 6*h + 3*h = 45. Suppose 0 = h*w + 15, 3*d + 2*d - w = 10018. Let f = d - 476. Is f a prime number?
False
Let b(a) = a**2 - 5*a - 90. Let r be b(-7). Is (-66)/(-9)*r*1101/(-12) prime?
False
Suppose -q = 3*i - 573658 + 73388, 0 = -q + i + 500290. Is q composite?
True
Let k(x) = 202*x - 776. Let y be k(10). Let m = 7101 + -4425. Suppose 3*f + j - m = 0, -360 = f + 3*j - y. Is f composite?
True
Let m = -1451 - -564. Suppose -4*t - 20 = -0*t, -2*g + t = -7. Is (m/(-2))/g*2 a composite number?
False
Let d(i) = -i**3 + 37*i**2 - 2*i + 78. Let u be d(37). Suppose 3*o + 3394 + 36019 = 4*w, -w = -u*o - 9863. Is w a prime number?
True
Let z = 9 - 6. Suppose y - 12 = -z*y. Is -1562*((-6)/4)/y a prime number?
False
Let p = 1348 - -52939. Is p prime?
True
Let z be (0 - 5) + (-1)/(1/(-23)). Suppose z*d = 137101 + 57857. Is d composite?
False
Suppose 20*f - 33 = 9*f. Suppose 27*k + 208 = 28*k - 3*s, f*k = 4*s + 649. Is k composite?
False
Let z(m) = -19*m + 42. Let r be z(2). Suppose -r*l + 331 = -3*l. Is l a prime number?
True
Suppose 27*y = 2*q + 32*y - 28617, 5*q = 2*y + 71615. Is q a prime number?
True
Let s(b) = 3450*b**3 + 4*b**2 - 10*b + 5. Let f be s(1). Let v = 854 + f. Is v a composite number?
True
Suppose -2*m + v + 4 = 0, 2*m = -m - v - 4. Suppose -3 = -3*l, -l - 55 = -4*h - m*l. Is 3493/h*(1 + 1) prime?
True
Let y(r) = -3*r**3 + 7*r**2 - 26*r - 17. Let c(q) = -3*q - 25. Let h be c(-6). Is y(h) a composite number?
True
Suppose 5*s + f = 11958, 7166 = 3*s + f + 4*f. Suppose 0 = -g - 2*d + 5599 + s, -4*d = -5*g + 39969. Is g prime?
True
Suppose -10 = -8*l + 6*l. Let d be 2/l - (-280)/50. Suppose d*v - 181 = 17. Is v a prime number?
False
Let k be 78/65*-10 - 3. Let w = -6 - -4. Is (306/k)/(w/5) prime?
False
Let g be 8/(-2)*1 - (-3 - 577). Let f = 611 - g. Is f a prime number?
False
Let g = 217109 - 101520. Is g prime?
True
Suppose -34 = 5*z + 146. Let j = 40 + z. Is (2454/j)/(-3)*-2 prime?
True
Let x = 873 - -8162. Suppose -6*z = -x - 2923. Is z composite?
False
Let q(z) = 904*z**3 + 5*z**2 - 6*z + 1. Let n be q(3). Let m = -14945 + n. Is m composite?
False
Suppose 11 = -3*g - 5*f - 2, -4*g - 23 = f. Let z = 24 + g. Suppose 23*l - z*l = 7715. Is l a prime number?
True
Let j(p) = -p**3 + 7*p**2 - 23*p - 20. Let k be 1/(-1 + (-8)/(-9)). Is j(k) composite?
False
Let o(s) = 84*s**2 + 7*s - 158. Is o(19) a prime number?
False
Let f = 25 - 22. Let b(y) = -539*y - 10. Let p(s) = 539*s + 12. Let v(q) = -3*b(q) - 2*p(q). Is v(f) a composite number?
True
Let a(q) = q**2 - 12*q - 6. Let u(t) = t**2 - 5*t - 2. Let p be u(7). Let h be a(p). Let z(i) = 3*i**2 + 13*i - 9. Is z(h) composite?
True
Suppose -36 - 104 = -5*j. Let p be 14/j + 9/2. Let h(r) = 18*r**2 - 7*r + 4. Is h(p) a prime number?
True
Let t(m) = 12*m + 12. Let a be t(1). Let x be ((-2)/(-6))/(1/78). Suppose 0 = -c - 3*c + 4*z + a, 3*c = z + x. Is c a prime number?
False
Let y be ((-65)/3)/(-3*(-1)/(-9)). Suppose y = -9*m + 4*m. Is 4 - (m*29 - -2) a composite number?
False
Let o(j) = -12*j**3 + 5*j**2 - 3*j - 78. Let c be o(-9). Let m = c + -5135. Is m a composite number?
False
Let m(a) = 28*a**2 + a + 1. Let z be m(-1). Suppose -48296 = -z*w - 2068. Is w a composite number?
True
Let j(d) = 27*d + 50. Let l be j(-2). Let y(v) = -238*v**3 + 8*v**2 + 3*v + 1. Is y(l) a prime number?
True
Let a(f) be the second derivative of -7*f**3/2 - 15*f**2/2 - 21*f. Let u = 50 - 72. Is a(u) prime?
False
Let x(i) = 1559*i**3 - i**2 - 2*i + 1. Suppose -2*w + z = -3, 3*w + 5*z - 8 = 3*z. Let g be x(w). Suppose -6*l = 3*l - g. Is l a prime number?
False
Let l(t) = 133*t**2 - 6*t + 60. Let y be l(19). Suppose 27026 + y = 3*w. Is w prime?
False
Suppose -2009*u = -2085*u + 112214684. Is u composite?
True
Let h(k) = -183*k - 10039. Is h(-142) a prime number?
False
Suppose 0 = -q - 5*z + 5112, 5*q - 661 = -2*z + 24784. Suppose -22638 = -5*c + q. Suppose 5*v = 2*f + 5545, 4*v - 9*v + 5*f + c = 0. Is v a prime number?
True
Let m(n) = -61*n**3 - 2*n**2 - 7*n + 23. Is m(-27) a prime number?
True
Suppose -28*x + 223850 + 89862 = 0. Suppose -l + 14274 + x = 0. Is l a prime number?
False
Let w(x) = -134*x**2 - 9*x - 5. Let y(s) = 136*s**2 + 10*s + 5. Let p(r) = -7*w(r) - 6*y(r). Is p(-2) prime?
True
Let f be (-47 + 46)/(0 - 1/(-2310)). Let v = 4363 + f. Is v composite?
False
Let b be (6 + -5)*(-1121 + 4 + -3). Let u = b + 7201. Is u a composite number?
True
Suppose 26*q - 10*q = 1945493 + 63131. Is q a prime number?
True
Let o(d) = -45*d**3 + 11*d**2 + 111*d + 51. Is o(-8) a prime number?
True
Let b(h) = -3*h + 4 - 10*h**2 + 20*h**2 + 12*h**2 + 14*h**2. Let z(s) = 3*s**3 + s**2 - s. Let p be z(1). Is b(p) a composite number?
True
Let q(y) = -587*y**2 + 5*y + 2. Let c(p) = -294*p**2 + 2*p + 1. Let a(o) = -5*c(o) + 2*q(o). Let m be a(1). Suppose -g + 962 = m. Is g composite?
True
Suppose l + 5*p = 10*p + 9216, -6*l = 5*p - 55226. Is l composite?
True
Let n(l) = l**2 + 5*l + 0*l - 13*l - 4 + 2*l. Let v be n(7). Suppose -i - 3*g + 52 = 0, 4*i - 4*g = -v*g + 221. Is i prime?
False
Let x = -324 - -1231. Is x a composite number?
False
Suppose 6839 + 12841 = 5*u. Let a = -1303 + u. Is a a prime number?
True
Let r(w) be the first derivative of -w**2 - 10*w - 1. Let v be r(-8). Let d(s) = 249*s - 55. Is d(v) prime?
True
Suppose -25*t + 9*t + 48 = 0. Suppose 2*l + 19459 = 5*l - x, 5*l - t*x - 32437 = 0. Is l a composite number?
True
Suppose -u = -4*a + 5691595, 3*u + 1574614 + 1271181 = 2*a. Is a composite?
False
Suppose 2*a - 6 = 4. Suppose -a*q - 7 + 0 = 4*u, 5*q + 23 = 4*u. Is u/7 - 7845/(-7) composite?
True
Suppose 6*u = -285 + 51. Let x = u - -41. Suppose 839 = 3*a - x*a. Is a prime?
True
Let q(j) = 75*j**2 + 16*j - 2. Let i(c) = 37*c**2 + 7*c - 1. Let k(y) = 13*i(y) - 6*q(y). Suppose -5*u = -u - 20. Is k(u) composite?
True
Suppose 42 - 1176 = -7*f. Suppose -a - 47 = 68. Let p = f + a. Is p a composite number?
False
Let k = 113032 - 15641. Suppose 24*z - 445751 = -k. Is z prime?
False
Is (-18)/2 + 27/(-108)*-390856 prime?
False
Suppose -3720017 - 15655170 + 1419313 = -38*q. Is q prime?
True
Let a = -5404 - -2536. Let o = -535 - a. Is o a prime number?
True
Is (3/(-6))/(2/(-4)) - (-107619 - -11) a composite number?
False
Suppose -12*h = -50*h + 2546. Suppose 65*n = h*n - 7298. Is n a composite number?
True
Let f(z) = 125*z**2 + 12*z - 12. Is f(7) prime?
True
Suppose 0 = -83*r + 2687588 + 10979441. Is r a composite number?
False
Let z = -67 - -70. Suppose -11 - 1 = -z*i. Suppose -2*j = i*j - 786. Is j prime?
True
Let b = 139790 + -78145. Is b composite?
True
Let j = -68866 - -211883. Is j a prime number?
False
Suppose 0 = -178*m + 348*m - 72996130. Is m a composite number?
False
Let o = 7 - -934. Let y = -102 + o. Is y a composite number?
False
Suppose 838392 - 1046124 - 2376766 = -14*r. Is r a prime number?
True
Suppose 18*v + 28 = 25*v. Suppose -8*d + 3*d - 5*f + 67590 = 0, 54097 = v*d - f. Is d a prime number?
True
Let y(k) be the third derivative of 0 + 1/6*k**3 + 0*k - 14*k**2 + 13/24*k**4. Is y(4) prime?
True
Let h(p) = -p**3 + 27*p**2 + 27*p + 33. Let s be h(28). Suppose -5*y = -3*j - 40788, -s*j + 3208 = 3*y - 21258. Is y a prime number?
False
Let p(n) = 2*n**2 + 3*n + 2067253. Is p(0) a prime number?
True
Suppose 53185 = 264*a - 259*a. Is a a prime number?
False
Is (-39)/(546/(-616))*(1 - (-5665)/4) composite?
True
Let g(w) be the first derivative of -2*w**2 - w - 9. Let l be g(-1). Suppose -2*c = 4*k - 3890, -4*k - 9747 = -5*c - l*k. Is c a composite number?
False
Let l be 230/6 - 24/18. Suppose -40*f = -l*f - 38517. Is f a pr